?
3, 5, 19, 9521
List the prime factors of 3283270.
2, 5, 328327
What are the prime factors of 1308017?
19, 43, 1601
What are the prime factors of 652730?
2, 5, 13, 5021
List the prime factors of 7444656.
2, 3, 19, 907
What are the prime factors of 228847?
228847
List the prime factors of 116192.
2, 3631
List the prime factors of 401038.
2, 11, 18229
What are the prime factors of 19041573?
3, 193, 32887
What are the prime factors of 1756755?
3, 5, 7, 11, 13
List the prime factors of 1612651.
31, 52021
List the prime factors of 3341197.
17, 196541
What are the prime factors of 5159949?
3, 1719983
List the prime factors of 98752.
2, 1543
What are the prime factors of 272808?
2, 3, 421
List the prime factors of 689195.
5, 13, 23, 461
What are the prime factors of 20214681?
3, 41, 149, 1103
What are the prime factors of 256271?
251, 1021
List the prime factors of 905448.
2, 3, 31, 1217
What are the prime factors of 14543669?
7, 2077667
What are the prime factors of 790590?
2, 3, 5, 19, 73
List the prime factors of 43367.
17, 2551
List the prime factors of 5854471.
7, 163, 733
What are the prime factors of 547773?
3, 157, 1163
What are the prime factors of 328064?
2, 11, 233
What are the prime factors of 164120?
2, 5, 11, 373
What are the prime factors of 765568?
2, 5981
What are the prime factors of 1512969?
3, 504323
List the prime factors of 335202.
2, 3, 7, 23, 347
What are the prime factors of 600863?
73, 8231
What are the prime factors of 287932?
2, 71983
List the prime factors of 2518428.
2, 3, 11, 19079
List the prime factors of 1809297.
3, 7, 3191
What are the prime factors of 696068?
2, 174017
List the prime factors of 2117814.
2, 3, 41, 8609
List the prime factors of 320753.
37, 8669
What are the prime factors of 5191077?
3, 23, 3271
List the prime factors of 151727.
71, 2137
List the prime factors of 340964.
2, 13, 79, 83
List the prime factors of 238054.
2, 119027
What are the prime factors of 512025?
3, 5, 6827
What are the prime factors of 2697046?
2, 11, 43, 2851
What are the prime factors of 159581?
19, 37, 227
List the prime factors of 117019.
7, 73, 229
What are the prime factors of 1074511?
1074511
What are the prime factors of 356028?
2, 3, 29669
List the prime factors of 630124.
2, 11, 14321
List the prime factors of 320569.
17, 109, 173
List the prime factors of 2546645.
5, 509329
What are the prime factors of 1186689?
3, 7, 56509
List the prime factors of 775339.
251, 3089
What are the prime factors of 1197560?
2, 5, 7, 13, 47
What are the prime factors of 2766826?
2, 191, 7243
What are the prime factors of 1909812?
2, 3, 167, 953
What are the prime factors of 364359?
3, 121453
What are the prime factors of 141440?
2, 5, 13, 17
What are the prime factors of 27533305?
5, 47, 117163
List the prime factors of 4165754.
2, 43, 59, 821
List the prime factors of 1988661.
3, 61, 10867
What are the prime factors of 583?
11, 53
What are the prime factors of 346303?
346303
List the prime factors of 2903351.
11, 263941
List the prime factors of 1830162.
2, 3, 191, 1597
What are the prime factors of 197965?
5, 17, 137
What are the prime factors of 122474?
2, 11, 19, 293
List the prime factors of 8028752.
2, 31, 16187
What are the prime factors of 1679577?
3, 559859
List the prime factors of 15058271.
15058271
List the prime factors of 10556011.
23, 458957
List the prime factors of 4661671.
7, 665953
What are the prime factors of 240714?
2, 3, 43, 311
What are the prime factors of 284894?
2, 181, 787
List the prime factors of 65210.
2, 5, 6521
What are the prime factors of 3722798?
2, 997, 1867
What are the prime factors of 196232?
2, 19, 1291
What are the prime factors of 3127154?
2, 1563577
What are the prime factors of 97551?
3, 3613
What are the prime factors of 333533?
333533
List the prime factors of 531490.
2, 5, 53149
List the prime factors of 765243.
3, 85027
List the prime factors of 1399481.
23, 71, 857
What are the prime factors of 692136?
2, 3, 9613
What are the prime factors of 2387629?
2387629
What are the prime factors of 4982922?
2, 3, 7, 71, 557
List the prime factors of 309173.
309173
What are the prime factors of 9572392?
2, 937, 1277
What are the prime factors of 6241747?
19, 328513
What are the prime factors of 2183389?
13, 167953
What are the prime factors of 2828622?
2, 3, 293, 1609
List the prime factors of 22781448.
2, 3, 397, 797
List the prime factors of 730682.
2, 103, 3547
What are the prime factors of 72534?
2, 3, 7, 11, 157
What are the prime factors of 2359304?
2, 41, 7193
List the prime factors of 1166275.
5, 11, 4241
List the prime factors of 1592242.
2, 796121
What are the prime factors of 3265634?
2, 1632817
What are the prime factors of 75211?
75211
List the prime factors of 1524021.
3, 73, 6959
List the prime factors of 7680421.
7, 1097203
What are the prime factors of 530031?
3, 176677
List the prime factors of 16062132.
2, 3, 439, 3049
List the prime factors of 7164096.
2, 3, 37313
List the prime factors of 1469192.
2, 103, 1783
List the prime factors of 2813707.
13, 41, 5279
What are the prime factors of 3699940?
2, 5, 184997
What are the prime factors of 3849552?
2, 3, 7, 19, 67
List the prime factors of 804311.
47, 109, 157
What are the prime factors of 3711491?
7, 17, 31189
What are the prime factors of 953052?
2, 3, 43, 1847
List the prime factors of 2112439.
7, 19, 2269
List the prime factors of 16976694.
2, 3, 7, 619, 653
List the prime factors of 518266.
2, 7, 37019
What are the prime factors of 450268?
2, 7, 13, 1237
What are the prime factors of 503244?
2, 3, 7, 1997
List the prime factors of 3312358.
2, 7, 197, 1201
List the prime factors of 198592.
2, 29, 107
What are the prime factors of 115999?
13, 8923
List the prime factors of 1133196.
2, 3, 94433
List the prime factors of 1680281.
37, 45413
List the prime factors of 378133.
7, 7717
List the prime factors of 1209946.
2, 604973
What are the prime factors of 42513571?
59, 720569
What are the prime factors of 14236?
2, 3559
What are the prime factors of 6768817?
11, 37, 16631
List the prime factors of 22335158.
2, 59, 191, 991
List the prime factors of 4567829.
7, 73, 1277
List the prime factors of 447765.
3, 5, 29851
What are the prime factors of 40310?
2, 5, 29, 139
What are the prime factors of 2498836?
2, 624709
List the prime factors of 13223615.
5, 37, 71479
List the prime factors of 2471473.
2471473
List the prime factors of 8032055.
5, 991, 1621
List the prime factors of 2482900.
2, 5, 7, 3547
List the prime factors of 267467.
23, 29, 401
What are the prime factors of 542462?
2, 271231
What are the prime factors of 2121383?
11, 192853
List the prime factors of 86380.
2, 5, 7, 617
What are the prime factors of 12027222?
2, 3, 668179
List the prime factors of 5575835.
5, 19, 58693
List the prime factors of 142447.
181, 787
List the prime factors of 82665.
3, 5, 11, 167
What are the prime factors of 19587180?
2, 3, 5, 29, 11257
What are the prime factors of 160405?
5, 7, 4583
What are the prime factors of 13000040?
2, 5, 325001
What are the prime factors of 336935?
5, 79, 853
What are the prime factors of 20393068?
2, 37, 137791
What are the prime factors of 1173594?
2, 3, 195599
What are the prime factors of 5710666?
2, 13, 239, 919
What are the prime factors of 816372?
2, 3, 7559
What are the prime factors of 925447?
925447
List the prime factors of 709193.
53, 13381
List the prime factors of 1755408.
2, 3, 36571
List the prime factors of 681414.
2, 3, 337
What are the prime factors of 1081257?
3, 439, 821
What are the prime factors of 41810?
2, 5, 37, 113
List the prime factors of 548456.
2, 179, 383
List the prime factors of 1693128.
2, 3, 19, 47, 79
List the prime factors of 4510366.
2, 7, 322169
List the prime factors of 30720043.
83, 370121
List the prime factors of 1514878.
2, 113, 6703
List the prime factors of 10265873.
61, 168293
What are the prime factors of 1471693?
1471693
List the prime factors of 99104.
2, 19, 163
What are the prime factors of 9133420?
2, 5, 17, 26863
List the prime factors of 4084865.
5, 59, 61, 227
What are the prime factors of 188782?
2, 11, 8581
List the prime factors of 31661.
7, 4523
List the prime factors of 974784.
2, 3, 5077
What are the prime factors of 15645?
3, 5, 7, 149
List the p